/6 + 2*l**2 + 64*l. Suppose -2*v + 8 + 3 = t, 0 = 3*v - 4*t + 11. Give n(v).
-2
Suppose -2*f + 20 = 3*f, -4*f + 40 = -4*a. Let r(o) = o**2 + 6*o - 1. Let b be r(a). Let n(q) = 8*q**2 + q. Give n(b).
7
Suppose 0 = 2*s - 3 + 5. Let i be (-33)/(-4) - s/(-4). Let v(t) = t**3 - 7*t**2 - 8*t + 2. Let o be v(i). Let g(h) = 2*h**2 - 2*h - 2. Give g(o).
2
Let p(q) = 6*q - 8. Let d(t) = 30*t - 39. Let m(v) = 5*d(v) - 24*p(v). Determine m(4).
21
Let s(v) be the first derivative of -v**3/3 + 5*v**2/2 - 3*v - 11. What is s(4)?
1
Let y(f) = f**2 - 3*f - 3. Let r(w) = -w**2 + 7*w - 5. Suppose 7*x - 6*x = 2. Suppose 0 = -x*c - 4, 5*g + 3*c = -c + 17. Let m be r(g). Determine y(m).
7
Let d(s) = 8*s**2 - 6*s - 5. Let p(t) = 7*t**2 - 6*t - 5. Let v(m) = -6*d(m) + 7*p(m). Suppose 5*x = -5*z + 60 - 20, -x = 2*z - 11. Determine v(x).
-10
Let i = -63 - -33. Let j be (i/(-25))/((-3)/(-10)). Let s(z) = -3*z**2 - 7*z + 3. Let f(t) = 4*t**2 + 8*t - 4. Let v(h) = -4*f(h) - 5*s(h). Give v(j).
-3
Let v(i) = 5*i**2 + i**3 + 4 + 4*i + 5*i**2 - 2 - 5*i**2. What is v(-2)?
6
Let w(i) be the third derivative of i**4/12 - i**3/6 - 28*i**2. What is w(6)?
11
Let c = 27 + -24. Let p(x) = -x**2 - 5*x - 1. Let l(b) be the second derivative of b**4/12 + 5*b**3/6 + b**2/2 - b. Let g(z) = c*l(z) + 4*p(z). Give g(-4).
3
Let b(t) = t**2 - 2. Let n(k) = k**3 + 7*k**2 + 5*k - 2. Let s be n(-6). Let o be -2 + 5/(5/3). Suppose -o = -g - 2*h, s*g + g - 14 = -h. Determine b(g).
7
Let h = -7 + 2. Let k(q) = q**3 + 2 - 6*q**2 - 6 - 3*q - 4*q - 2*q**3. Calculate k(h).
6
Let t be (-1 + 3 + 0)/(4 + -6). Let k(c) = -c**3 + c**2 + c. Determine k(t).
1
Let n be 10/(8/(-4) + 3 + 1). Let k(c) = -c**2 + 8*c - 3. Give k(n).
12
Let m(k) = 99 + 5*k - 99. Give m(-1).
-5
Let f(c) be the second derivative of c**4/12 - 5*c**3/6 - 4*c**2 + 9*c. What is f(6)?
-2
Let q(s) = 6*s**2 + 3*s - 1. Let h be q(1). Suppose -5*p + h - 2 = l, 4*l - 5 = -p. Let c(i) = -i + 5 + 3*i**2 + 1 - 5. Give c(p).
3
Let i = 2 + 2. Let m(k) be the second derivative of 0 + 5/6*k**3 - 1/12*k**4 + k + k**2. Give m(i).
6
Let o(q) be the second derivative of q**4/6 + q**3/6 - q. Let p be (10 - (1 + 3)) + -4. What is o(p)?
10
Let v(o) be the first derivative of o**4/4 - 2*o**3/3 - o**2 + 2*o + 3. Let m be (-46)/14 - (-10)/35. Let w(p) = -p. Let z be w(m). Determine v(z).
5
Let c(t) = t**3 + t**2 + t + 5. Let b = -13 + 19. Suppose 4*j - 2*i = 4, 10 = -4*j + b*j + i. Suppose 3*y + r + 2 = 0, 11 - j = -y - 4*r. Determine c(y).
5
Let j = -5 + 11. Let l(f) = -f**2 + 6*f. Let x be l(j). Let c(y) = x - 3*y + 5 + 1. Calculate c(5).
-9
Let k(f) = 4*f**2 - 4*f - 3. Let z(u) = -3*u**2 + 5*u + 3. Let s(h) = -2*k(h) - 3*z(h). What is s(4)?
-15
Suppose 22 = -5*h + 2*f + 2, -f - 35 = 5*h. Let m be (-3 - -2)*(-6 - h). Let x(l) = -l - 1. Give x(m).
-1
Let a(t) = -t + 1. Let h(d) = d + 21. Let n be h(-16). What is a(n)?
-4
Let m be ((-1)/(-2))/(3/36). Let b be 2/m - 32/6. Let x(v) = v**3 + 5*v**2 - 2*v - 6. What is x(b)?
4
Let o(x) = 7*x**3 - x**2 - 15*x + 11. Let l(f) = 3*f**3 - 7*f + 5. Let j(i) = 5*l(i) - 2*o(i). What is j(-4)?
-9
Let f(o) = 3 - 40*o + 67*o - 32*o. Give f(2).
-7
Let p(n) = -n**2 + 5*n + 11. Let b be p(6). Let w(g) = -g + 6. Calculate w(b).
1
Let g(t) = -t - 7. Let q(x) be the first derivative of x**2/2 + x + 2. Let n(h) = g(h) + 3*q(h). Determine n(6).
8
Suppose -7*n + 2 = -5*n. Let u(r) be the second derivative of 7*r**4/12 - r**3/6 + 4*r. Calculate u(n).
6
Let l(y) = y**2 + 3*y - 4. Let t(f) = -f - 7. Let z be t(-3). Determine l(z).
0
Let y(f) = -f - 7. Let w be (-1*(-3 + 9))/2. Let x be (w - 7)*(-1)/(-2). Give y(x).
-2
Let j(n) be the second derivative of n**5/20 - n**3/3 + n**2/2 + n. Let b be (-1)/(-4) - 93/(-12). Suppose 0*a = a - 4*f - 2, f = -4*a + b. Calculate j(a).
5
Let w be 19/4 + (-3)/(-12). Let d(h) = -h. Give d(w).
-5
Let y(h) be the second derivative of h**4/12 - h**3/3 - h**2 - 10*h. Calculate y(4).
6
Let j(t) be the second derivative of t**3/6 + t - 20. Determine j(7).
7
Let z(f) = f**3 + 3*f**2 + 1. Let l be z(-2). Let s(d) = -d**2 + 2*d + 6. Give s(l).
-9
Let j(r) be the second derivative of r**4/2 - r**3/3 - 4*r. Calculate j(2).
20
Suppose -4*n + 2 = 5*b - 39, -5*b + 45 = 5*n. Let p(m) = 0*m + m + 2 - 5 + 0. Let x be p(b). Let j(f) = f**3 - 2*f**2 + 3*f - 2. Determine j(x).
4
Let u(a) be the third derivative of -a**5/60 + a**4/24 + 50*a**2. What is u(-2)?
-6
Suppose -1 = -2*x + 3. Let s(g) = -1 + 7*g**2 - g + 0*g**x - 3*g**2 - 7*g**3 - 3*g**2. Calculate s(-1).
8
Suppose 4*y - 1 - 1 = -2*q, -2*q + 5*y + 11 = 0. Let w(a) be the first derivative of a**4/4 - 4*a**3/3 + a**2/2 - 3*a - 2. Give w(q).
-9
Let j(v) = -v**2 - v + 11. Suppose -4*o - 3 = -4*i + i, 3*o + i = 1. Give j(o).
11
Let t be (-16)/6*(-6)/4. Let o(s) = -s**3 - 6*s**2 - 6*s - 2. Let l be o(-5). Let u(v) = 3 - 3*v**2 - 7*v + 2*v - 5 - 4*v**l + 5*v**3. Give u(t).
-6
Let w(z) = -z**3 - z**2 + z. Let n(f) = -5*f**3 - 5*f**2 + 7*f - 4. Let r(u) = -n(u) + 4*w(u). Give r(-3).
-5
Let x(h) = 19 - 8 + 0*h**2 + 13*h + h**2. Let r(i) = -3*i**2 - 38*i - 32. Let n(u) = -6*r(u) - 17*x(u). Give n(-5).
-5
Let w(i) = 24 - 15 + 7*i - 8. Let x be 1*(-2)/4*2. What is w(x)?
-6
Let w(j) = j**2 + 12*j - 3. Let z be w(-12). Let c(k) = -k**3 - 4*k**2 + k + 3. Determine c(z).
-9
Let i be ((-2)/(-4))/(2/20). Let z(o) = 6*o - i + 4*o**2 + 5 - 2*o - o**3. Determine z(5).
-5
Let v(y) = -5 + 3 - 2*y + 7. Let o(h) = -h**2 - 21*h - 15. Let w be o(-20). Calculate v(w).
-5
Suppose 6*n = 11*n + 20. Let g(k) = -3*k**2 - 5*k - 5. Let x(o) = -16*o**2 - 26*o - 26. Let m(y) = 11*g(y) - 2*x(y). Give m(n).
-7
Let t be 6/2 + (3 - 11). Let y(a) = -a - 11. Give y(t).
-6
Let t(u) be the second derivative of u**3/6 - 3*u**2 + u. Let q be (-2)/4*2 + 1. Let o be q/(-2) + (-3 - -3). Give t(o).
-6
Let y(j) be the second derivative of 1/2*j**2 + 0 - 2*j + 1/3*j**3. What is y(-2)?
-3
Suppose 0 = 4*j + 39 + 69. Let r be (-87)/j - (-2)/(-9). Let w be (-2)/(((-3)/(-2))/r). Let i(f) = -f**2 - 6*f - 5. What is i(w)?
3
Let l be -2 - 0 - (-1 - 1). Let q(j) = -2*j**3 - 2*j**2 - 7*j - 13. Let d(o) = -o**3 - o**2 - 3*o - 6. Let b(u) = -9*d(u) + 4*q(u). Give b(l).
2
Let t(b) be the first derivative of b**4/4 + 2*b**3/3 - 3*b**2/2 - 3*b + 1. Suppose 15 = 3*z + 2*z. Suppose 6 = -z*s + u, -3*u - 15 = 2*s - 0*u. Determine t(s).
-3
Let v(d) be the third derivative of -d**5/60 + 7*d**4/24 - 5*d**3/6 + 6*d**2. Give v(4).
7
Let o(u) be the second derivative of -u**3/3 + 3*u**2/2 + u. Let y be (1 + 20/(-12))*-3. What is o(y)?
-1
Let m(b) = -b**2 - 3*b + 1. Suppose 3*a = 5*a - 3*h + 67, 2*h + 158 = -5*a. Let k be -2*4/(a/(-12)). Calculate m(k).
1
Let i be (3 - (1 - 1))*-3. Let s be (24/(-18))/(2/i). Let r(l) = -3*l**2 + 0*l + 6 + 6*l + 2*l**2. Calculate r(s).
6
Let t(z) be the third derivative of -1/8*z**4 + 0*z + 1/120*z**6 - 1/3*z**3 + 1/20*z**5 + 4*z**2 + 0. Give t(-2).
8
Let y(q) = q**3 + 4*q**2 + 3*q - 1. Let f(c) = c**3 - 10*c**2 + 9*c - 3. Let d be 10 - (-2)/(1 - 3). Let x be f(d). Calculate y(x).
-1
Let u(t) = t**2 - 5. Suppose -3*z + 8 + 7 = 0. Let i be 2 - 0 - (-3 + z). Calculate u(i).
-5
Let s(i) = i**2 - 3*i - 1. Let n = -19 - -10. Let f = -7 - -2. Let j = f - n. Calculate s(j).
3
Let a(t) = -2*t**3 - 4*t**2 + 6*t + 1. Let q(p) = -p**3 - 4*p**2 + 5*p. Let c(r) = 2*a(r) - 3*q(r). Let x be 6/4*(-4)/(-3). Let f = x - -1. Determine c(f).
2
Let u = 9 + -9. Let p(y) = -5*y**2 + y + y**3 + 2*y - 6 + u*y**3. Determine p(4).
-10
Let n(q) be the first derivative of q**4/12 - 2*q**3/3 - 7*q**2/2 - 9*q - 9. Let a(p) be the first derivative of n(p). What is a(5)?
-2
Let m = 26 + -23. Let b(s) = -3*s. Calculate b(m).
-9
Suppose 0 = -2*q - 0*q. Let o(d) = -4*d - 22. Let b(h) = -h - 7. Let y(m) = 7*b(m) - 2*o(m). Let l be y(q). Let i(t) = -2*t - 4. Calculate i(l).
6
Suppose 0 = -2*h + 5*h + 18. Let p be (h - -8)/(0 - -1). Let a(u) be the second derivative of u**5/20 - u**4/3 + u**3/2 + u. Calculate a(p).
-2
Let z(o) = -o**3 + o + 1. Suppose -20 = 4*t, -2*t + 0*t - 22 = -3*x. Let w = x + -4. Give z(w).
1
Let v(b) be the second derivative of -b**5/20 + b**4/2 - b**3/6 + 2*b**2 + b. Calculate v(6).
-2
Let a(l) = -l**3 + 3*l**2 - l + 1. Let p be (1 - 2)*(-14)/7. Calculate a(p).
3
Suppose b - 5*b + 20 = 0. Let t(u) be the third derivative of